
Let h(v) = 3*v**2 + 10*v - 25. Calculate h(2).
7
Let k(u) = -u**2 + 11*u - 24. Give k(8).
0
Let z(j) = 42*j + 834. Give z(-20).
-6
Let m(p) = p**2 - 20*p - 4. Determine m(20).
-4
Let o(u) = -4*u - 13. What is o(4)?
-29
Let t(q) = -3*q**3 + 7*q**2 - 5*q + 6. Give t(2).
0
Let v(j) = -j**2 - 4*j + 6. What is v(-7)?
-15
Let f(v) = -v**3 - 4*v**2 + 5*v + 10. Determine f(-5).
10
Let q(t) = -16*t - 146. Determine q(-9).
-2
Let r(i) = i**3 - 7*i**2 - 9*i + 4. Calculate r(8).
-4
Let v(y) = y**3 + 6*y**2 + 5*y + 1. What is v(-5)?
1
Let r(s) = -s - 62. What is r(-4)?
-58
Let q(m) = -6*m + 169. What is q(26)?
13
Let q(b) = -b**2 + 6*b + 8. Calculate q(8).
-8
Let j(r) = 4*r + 20. What is j(-8)?
-12
Let l(x) = -2*x - 5. Calculate l(0).
-5
Let z(h) = 78*h + 1723. What is z(-22)?
7
Let k(q) = q**2 + 5*q + 2. Calculate k(-8).
26
Let i(k) = 2*k**2 + 101*k - 54. Calculate i(-51).
-3
Let q(b) = 14*b + 88. Determine q(-7).
-10
Let p(o) = 7*o - 51. What is p(5)?
-16
Let a(x) = x**2 + 30*x + 126. Determine a(-5).
1
Let f(n) = -n + 12. Determine f(9).
3
Let h(l) = 13*l + 87. What is h(-20)?
-173
Let a(b) = -2*b + 14. Give a(5).
4
Let i(j) = -j**2 + 11. Give i(-7).
-38
Let u(o) = 2*o**3 - o**2 + 2*o - 1. Determine u(1).
2
Let w(u) = u**3 + 26*u**2 - u - 26. Determine w(-26).
0
Let a(u) = u**2 - 8*u - 15. Calculate a(-2).
5
Let n(v) = 5*v**3 - 2*v**2 - 3*v + 5. Give n(2).
31
Let i(w) = 8*w**2 - 10. Determine i(3).
62
Let k(r) = r + 9. Determine k(-12).
-3
Let s(k) = -3*k - 1. What is s(4)?
-13
Let q(a) = -11*a**2 - 45*a. What is q(-4)?
4
Let r(d) = -2*d**2 - 12*d - 7. What is r(-7)?
-21
Let m(h) = 16*h + 8. Calculate m(-2).
-24
Let i(v) = v**2 - 13*v - 13. Calculate i(14).
1
Let d(v) = -24*v + 38. Give d(7).
-130
Let v(m) = -m**2 + 10*m - 6. What is v(6)?
18
Let q(m) = 101*m + 714. What is q(-7)?
7
Let t(l) = -l**3 - 4*l**2 - 2*l. Calculate t(-4).
8
Let n(g) = 12*g + 17. Determine n(5).
77
Let h(v) = -3*v**2 - 10*v - 1. Give h(-6).
-49
Let z(c) = -c + 20. What is z(0)?
20
Let i(h) = 2*h**2 - h. Calculate i(2).
6
Let r(s) = s**3 + s**2 + 4. What is r(0)?
4
Let f(u) = 3*u**2 - 5*u + 1. Determine f(-5).
101
Let i(x) = x**3 + 12*x**2 + 10*x - 27. Determine i(-11).
-16
Let u(b) = b + 12. Calculate u(0).
12
Let s(k) = -k**2 + 23*k - 101. Determine s(17).
1
Let l(q) = -3*q**2 - 7*q + 22. Give l(2).
-4
Let t(s) = s + 8. What is t(-14)?
-6
Let c(o) = 3*o - 5. What is c(4)?
7
Let j(n) = -8*n - 20. Calculate j(-4).
12
Let m(z) = -z**2 - 59*z - 401. Give m(-8).
7
Let y(k) = 23*k - 371. What is y(16)?
-3
Let i(h) = -2*h + 46. Calculate i(21).
4
Let d(x) = 13*x + 328. Calculate d(-23).
29
Let t(w) = 2*w - 9. Give t(12).
15
Let c(v) = -v**2 + 6*v - 10. Calculate c(4).
-2
Let l(k) = -k - 18. What is l(-15)?
-3
Let f(v) = -9*v**2 - 5*v + 8. What is f(3)?
-88
Let d(o) = -4*o - 88. What is d(-18)?
-16
Let f(y) = -y**3 - 29*y**2 + 2*y + 52. Calculate f(-29).
-6
Let t(b) = b**3 + b**2 + b - 36. Calculate t(0).
-36
Let a(l) = -l + 26. Give a(13).
13
Let w(y) = -51*y. Give w(1).
-51
Let i(q) = -q**3 + 9*q**2 - 6*q - 15. Determine i(8).
1
Let r(m) = -4*m**3 - m**2 - 2*m - 10. What is r(3)?
-133
Let o(f) = -59*f + 480. Give o(8).
8
Let p(r) = -r**2 + 3*r + 3. Determine p(6).
-15
Let d(i) = -2*i - 5. What is d(0)?
-5
Let h(d) = 4*d + 13. Calculate h(-7).
-15
Let v(a) = a**3 + 4*a**2 - 5*a - 5. What is v(-4)?
15
Let y(g) = 8*g - 24. Calculate y(3).
0
Let x(j) = 3*j**2 - 3*j - 1. Determine x(-4).
59
Let w(t) = t**3 + 6*t**2 - 9*t - 4. Determine w(-7).
10
Let r(o) = o**3 + 11*o**2 - 26*o + 30. Calculate r(-13).
30
Let g(a) = 2*a - 1. Calculate g(10).
19
Let s(u) = -7*u**2 + 3*u + 10. Calculate s(-3).
-62
Let d(q) = -q**2 + 35*q - 109. What is d(31)?
15
Let g(h) = 8*h + 101. Determine g(-13).
-3
Let t(x) = -x**3 - x**2 + 9. What is t(0)?
9
Let m(q) = -q**2 - 16*q - 37. Calculate m(-14).
-9
Let g(y) = 5*y**3 - y**2 - y + 1. What is g(2)?
35
Let i(y) = -10*y. Determine i(-2).
20
Let d(h) = -h**3 + 6*h**2 + h - 29. What is d(4)?
7
Let l(w) = -7*w - 216. Determine l(-32).
8
Let f(i) = -16*i**2 - i. Calculate f(2).
-66
Let y(q) = q**2 - 27. What is y(5)?
-2
Let s(m) = m**2 - 10*m + 21. Determine s(9).
12
Let i(u) = -u**3 - 14*u**2 - 23*u + 12. Calculate i(-12).
0
Let p(a) = -a + 2. Calculate p(1).
1
Let s(z) = -z**2 + 29*z - 124. Determine s(24).
-4
Let b(q) = q**2 - 8*q. What is b(8)?
0
Let x(l) = 69*l**2 - 3*l + 4. Give x(1).
70
Let t(c) = -4*c - 34. Give t(-8).
-2
Let d(v) = -v**2 + 12*v - 6. Determine d(12).
-6
Let r(d) = -d**3 + 4*d**2 + 5*d - 3. Determine r(6).
-45
Let f(v) = v**3 - v**2 - v + 16. What is f(0)?
16
Let f(b) = b**2 + 8*b - 5. What is f(-8)?
-5
Let n(k) = -k**2 - 4*k + 7. What is n(-4)?
7
Let i(y) = y**3 - 9*y**2 - 12*y + 15. What is i(10)?
-5
Let j(y) = -9*y**3 + 1. What is j(1)?
-8
Let g(v) = -2*v**3 + v**2 + v - 3. What is g(3)?
-45
Let o(d) = 30*d**2 - 178*d - 4. Calculate o(6).
8
Let x(d) = 3*d - 17. What is x(4)?
-5
Let z(s) = s**2 + 32*s - 69. Determine z(-32).
-69
Let r(q) = -5*q - 3. Give r(5).
-28
Let x(f) = 5*f - 353. Determine x(71).
2
Let p(x) = -109*x - 2. Determine p(-1).
107
Let p(m) = -m**2 + 47*m + 153. Calculate p(50).
3
Let r(k) = -k**3 - 2*k**2 + 5*k. What is r(-4)?
12
Let k(a) = 7*a**2 + 1. What is k(1)?
8
Let u(b) = b + 11. What is u(-3)?
8
Let h(a) = -10*a**2 - 12*a + 2. Determine h(-4).
-110
Let a(m) = -6*m**3 - m**2 - 1. Give a(-1).
4
Let s(q) = -3*q - 26. Calculate s(20).
-86
Let w(l) = l**3 + 12*l**2 + 31*l + 29. Calculate w(-9).
-7
Let p(h) = -4*h + 2. Calculate p(7).
-26
Let x(j) = j**3 - 16*j + 6. What is x(0)?
6
Let w(z) = z**3 - z**2 - 4*z - 4. What is w(3)?
2
Let c(p) = -30*p - 1. Calculate c(-2).
59
Let s(r) = -4*r**2 - 133*r - 35. What is s(-33)?
-2
Let b(c) = -c**2 + 7*c - 6. Determine b(7).
-6
Let q(m) = -6*m - 2. What is q(-2)?
10
Let t(n) = 19*n - 23. Give t(-4).
-99
Let k(g) = -2*g**2 + 35*g + 2. Determine k(18).
-16
Let y(j) = -j**2 - 2. Calculate y(2).
-6
Let x(v) = -2*v**3 - 5*v**2 + 5*v + 9. Determine x(-3).
3
Let d(t) = t**3 - t**2 - 14*t + 8. Calculate d(4).
0
Let m(o) = -o**3 + 6*o**2 - 3*o - 3. Determine m(5).
7
Let o(k) = k**3 + 19*k**2 - 2*k - 31. Determine o(-19).
7
Let j(h) = h**3 - 9*h**2 - 3*h + 5. What is j(9)?
-22
Let x(a) = 3*a - 43. Give x(0).
-43
Let x(d) = 5*d + 19. What is x(-3)?
4
Let g(b) = b**2 + 7*b - 93. Determine g(6).
-15
Let a(h) = 11*h - 8. What is a(9)?
91
Let y(h) = -h**3 - 14*h**2 - 12*h + 16. Give y(-13).
3
Let t(g) = -2*g**2 - 17*g - 14. What is t(-11)?
-69
Let n(f) = f**3 - 38*f**2 + 3*f - 121. What is n(38)?
-7
Let y(x) = -2*x - 21. Give y(-12).
3
Let i(g) = -6*g + 50. Determine i(13).
-28
Let p(q) = q**3 + 7*q**2 + 11*q - 7. Give p(-4).
-3
Let d(z) = -7*z**2 + 18*z + 1. Calculate d(5).
-84
Let u(x) = -x**3 + 11*x**2 - 45. What is u(11)?
-45
Let d(g) = g**3 + 2*g**2 - 5*g + 6. What is d(-6)?
-108
Let a(b) = -33*b + 141. What is a(5)?
-24
Let m(z) = -z**2 + 10*z - 19. What is m(8)?
-3
Let a(j) = j**3 - 10*j**2 - 30*j + 51. Give a(12).
-21
Let q(y) = y**2 - 16*y - 9. Determine q(20).
71
Let n(a) = a**3 + 19*a**2 + 19*a + 3. Calculate n(-18).
-15
Let x(y) = -y**3 + 9*y**2 + 51*y + 14. Calculate x(13).
1
Let y(s) = -2*s**2 + 10*s - 6. Give y(6).
-18
Let v(x) = 4*x + 73. Determine v(-20).
-7
Let f(j) = 3*j + 12. What is f(-10)?
-18
Let c(a) = -a**2 + 18*a + 1. Give c(6).
73
Let y(s) = 8*s**2 - 2*s + 2. Determine y(1).
8
Let n(a) = -2*a**2 - 45*a - 48. Determine n(-21).
15
Let r(u) = -14*u + 118. Determine r(7).
20
Let x(o) = -2*o**3 + 6*o**2 - 5*o + 3. Determine x(1).
2
Let a(d) = -d**3 + 4*d**2 + 15*d. What is a(6)?
18
Let n(l) = 24*l - 300. What is n(12)?
-12
Let h(x) = x**2 + x - 3. Give h(-3).
3
Let m(c) = c**3 + 13*c**2 + 15*c + 49. Give m(-12).
13
Let m(o) = -6*o**3 - 2*o**2 + 3*o + 3. Calculate m(-2).
37
Let h(y) = -y**3 + 9*y**2 - 10*y + 26. Determine h(8).
10
Let l(w) = -54*w + 277. What is l(5)?
7
Let n(r) = 2*r**2 + 12*r + 20. Give n(-6).
20
Let m(v) = v**3 + 4*v**2 + 3*v + 20. What is m(-6)?
-70
Let j(w) = 33*w + 3. Determine j(1).
36
Let c(a) = -2*a**2 - 3*a + 3. Determine c(-3).
-6
Let i(j) = 16*j + 19. Calculate i(2).
51
Let n(m) = -17*m - 2. What is n(2)?
-36
Let x(v) = -2*v**3 + 16*v**2 + 19*v - 11. What is x(9)?
-2
Let j(q) = 3*q**2 + 23*q. Give j(-8).
8
Let p(z) = z**2 + z - 7. Calculate